 - 2. Let k(c) = c + 11. Let f be k(-1). Suppose -d = -2 + 6, -f = -5*q + 5*d. Determine j(q).
6
Let y(j) = -j**3 + 3 + 7*j - 2 - 45*j**2 - 11 + 51*j**2. Let s(x) = x**2 - x + 1. Let o be s(7). Suppose -v = -4*g + 2*v + o, -3*g - 4*v = -1. Give y(g).
-10
Let g = 119 - 119. Let t be 1 + 6/18*g. Let d be (-6)/(3 - 21)*(t - 16). Let i(y) = y**2 + 4*y - 3. Give i(d).
2
Let p(s) = -143*s - 12*s + 1 + 155*s - s**2 + 6*s**3. Calculate p(-1).
-6
Let g(b) = -20*b - 6. Let m(o) = 9*o + 2. Let h(d) = 4*g(d) + 9*m(d). Let t = -28 - -37. Give h(t).
3
Suppose 1 = d + 5, 5*s - 44 = d. Let o(p) = 54*p - 27*p - s - p**2 - 18*p. Determine o(8).
0
Let k(j) = 2*j**3 + 41*j**2 + 59*j + 41. Let s = 4671 + -4690. Determine k(s).
3
Let b(v) = -10*v**3 + 29*v**2 - 2*v - 5. Let u(o) = -9*o**3 + 27*o**2 - 2*o - 5. Let l(y) = -10*b(y) + 11*u(y). Give l(-3).
37
Let o(z) = 8361*z - 4166*z - 69*z**2 - 1 - 4192*z. What is o(1)?
-67
Let f(g) = -2*g**2 - 6*g - 1. Suppose 5*p - 12*p + 70 = 0. Suppose 0 = -12*i + p*i - 8. Determine f(i).
-9
Let m be -1*6 - ((-5)/15)/(5/(-15)). Let u(f) = f - 4. Calculate u(m).
-11
Let a(i) = 2*i + 12. Let y = -186 + 239. Suppose -3*p = y - 26. What is a(p)?
-6
Let p(f) = -650*f - 21. Let l(i) = 3466*i + 106. Let x(j) = -3*l(j) - 16*p(j). What is x(-16)?
-14
Let y(v) = -7*v**2 - 3*v + 31. Let b(q) = -6*q**2 - 3*q + 30. Let c(l) = 6*b(l) - 5*y(l). Determine c(-6).
7
Let z(x) = -3*x - 59. Let k(y) = -2*y. Let b(g) = -6*k(g) - z(g). What is b(-4)?
-1
Let v(x) = -253*x + 26*x**3 - 25*x**3 - 10*x**2 + 133*x + 123*x. Determine v(10).
30
Let i(h) = -h - 13. Suppose -154*u = -3*k - 159*u - 57, 0 = -k + u - 11. Determine i(k).
1
Let q(p) = -149. Let y(h) = 484. Let b(c) = 13*q(c) + 4*y(c). Let a be (-2)/3*3/(-2). Let o(j) = j - 1. Let w(k) = a*o(k) + 2*b(k). Calculate w(2).
-1
Let x = -17191 + 17193. Let n(q) = -5*q**2 + 1. Calculate n(x).
-19
Let n be 1445/(-2023) - (-5)/7. Let v(z) = -z**3 + z**2 + z - 18. Determine v(n).
-18
Let f(y) = 2*y**3 - 24*y**2 - 4*y + 58. Let v be f(12). Let p(j) = j**3 - 11*j**2 + 10*j - 15. Determine p(v).
-15
Let q(t) = -5762051*t**2 - 19*t - 2 + 5762054*t**2 + 33. What is q(6)?
25
Let j(d) be the third derivative of -d**5/20 + 10*d**4/3 + 29*d**3/6 + 10*d**2 - 100. What is j(27)?
2
Let u be 1/(-2)*(-1 + 3). Let c(y) = 2*y**2 - 12*y + 23. Let t be c(3). Let p(m) = m - 30182*m**3 + t - 4 + 30164*m**3. Give p(u).
18
Let q(s) = -s**3 + 1. Let v(t) be the second derivative of -1/6*t**4 - 3*t**2 - 1/3*t**3 - 7*t + 0 + 3/20*t**5. Let m(x) = -4*q(x) - v(x). Determine m(-2).
-2
Suppose -4*c + 3*c - 1 = 0. Let n(k) = 4*k - 2. Let d(r) = 17*r - 5. Let l(y) = -d(y) + 2*n(y). Determine l(c).
10
Let i(y) = -y**2 + y - 4. Let f be (-3 - (1 - 1))/(-14 - -13). Give i(f).
-10
Let w(h) = h**3 + 3*h**2 - 2*h - 1. Suppose 2*k + 4 = -5*l, 5*l - 51*k + 55*k = 2. What is w(l)?
7
Let c(x) be the first derivative of x**3/3 - 3*x**2 + 3*x + 21. Suppose 0 = 2*y - u - 9, y = 5*u + 9 - 0. Suppose 7 = y*l - 1. Calculate c(l).
-5
Suppose 2*b - 8 = -3*p, -31 + 7 = -4*p + 4*b. Let x(s) = 9*s - s**2 - 2*s + 3*s - p*s + 9. What is x(7)?
2
Let g(k) be the first derivative of k**4/4 - 6*k**3 - 17*k**2/2 - 39*k - 1827. Determine g(19).
-1
Let c(d) = -4*d**3 - d**2. Let j(b) be the first derivative of -15*b**4/4 - 2*b**3 - b**2/2 - 2*b + 194. Let t(o) = 4*c(o) - j(o). Calculate t(2).
4
Suppose -2*o - 3*d = -2*d - 4, -4*o + 32 = -4*d. Suppose -4*c = -o*i - 8*c + 336, -4*c = 20. Suppose i = -g + 93. Let b(p) = -3*p - 3. Calculate b(g).
-15
Let n(y) = 3*y - 46. Suppose -310 = 15*i + 16*i. Let f be (-175)/i*84/105. What is n(f)?
-4
Let a(o) = -o**3 + 58*o**2 + 121*o - 45. Let r be a(60). Let y(u) = 2*u**2 - 36*u + 79. What is y(r)?
-11
Let a(b) = -b + 13. Let n(u) = 19*u**2 + 133*u + 11. Let z be n(-7). Determine a(z).
2
Let z(l) = 16*l**3 - 24*l**2 - 123*l + 67. Let f(d) = 3*d**3 - 5*d**2 - 24*d + 13. Let n(a) = -11*f(a) + 2*z(a). What is n(9)?
-9
Let x(f) = -4*f - 18. Let u = -1557 - -1549. What is x(u)?
14
Let z = 1861 - 1841. Let q(o) = o**2 - 21*o + 24. Determine q(z).
4
Suppose 3*t - 6 = -5*r + t, -5*t + 15 = -5*r. Let v be (3/(-2) - r) + (-12)/(-8). Suppose 3*b - b - 2 = v. Let f(u) = 6*u**2 - 2*u + 1. Calculate f(b).
5
Let z(f) = f**2 + 8*f - 6. Suppose 25 = -a - 3*l, -15*l + 10 = -4*a - 12*l. Calculate z(a).
-13
Let i(p) = p**2 + p + 1. Let w(h) = -19*h + 8. Let s(f) = -i(f) + w(f). Give s(-20).
7
Suppose -323*u - 4022 + 792 = 0. Let n(r) = r**2 + 9*r - 12. Determine n(u).
-2
Let n(l) = -l**2 + 3*l + 3. Let o(i) = i**2 - 2*i + 225. Let j be o(0). Let s = j + -222. What is n(s)?
3
Suppose 10*c + 42 - 7 = 25. Let f(k) = 22*k**2 + 3*k + 3. Determine f(c).
22
Let a(g) = g**2 - 9*g - 2. Let r be a(9). Let z be (-90)/4*3*20/(-15). Let t(o) = 189*o - z*o - 95*o. Calculate t(r).
-8
Let v(m) be the second derivative of -m**3/2 - m**2/2 - 2*m. Let t(f) = -2*f**2 + 21*f - 66. Let c be t(13). Let d = 132 + c. What is v(d)?
-4
Suppose 14 = -27*r + 20*r. Suppose -6*a = -a + 15. Let p be (-15)/a + r + -1. Let s(j) = j**3 + 2. Give s(p).
10
Let d(t) be the second derivative of t**4/12 - 3*t**3/2 - 2*t**2 + 189*t - 1. Determine d(5).
-24
Suppose 0 = -42*t - 256 + 4. Let f(g) = g**3 + 5*g**2 - 5*g + 14. What is f(t)?
8
Let m(h) = -h**3 + h**2 + 3*h + 1. Suppose -45 = -5*w - 2*q, -5*w + 36 = 3*q - 9. Let x = 12 - w. Suppose 0*r - 3*s + 17 = -4*r, -11 = r - x*s. Give m(r).
7
Let b(o) = -2*o - 376 + 756 - 383. Determine b(-6).
9
Let a(q) = -31*q**3 - 10*q**2 - 8*q + 4. Let b(w) = -15*w**3 - w**2 - 4*w + 1. Let m(o) = a(o) - 2*b(o). Determine m(-8).
2
Let h(r) = -3 + 0*r**3 + r**2 + r**3 - 3*r**2 + 3*r**2 - 7*r. Let y be h(-3). Let p(z) = 0*z + z**2 - 2*z - 2*z + 5*z. Determine p(y).
0
Let q(n) be the third derivative of 0 + 0*n - 1/60*n**5 - 11/24*n**4 - 13/6*n**3 + 35*n**2. What is q(-10)?
-3
Let o(x) = x + 6. Suppose 3*g = -2*j + 60, 0 = -g + j + 27 - 12. Let v be (g/15)/(2/(-20)*2). What is o(v)?
0
Let t(o) = -4*o**3 + 11*o**2 + 99*o - 52. Let h(q) = 21*q**3 - 56*q**2 - 505*q + 260. Let k(w) = -3*h(w) - 16*t(w). Calculate k(13).
0
Suppose -12987 = -0*r + 37*r. Let u be r/36 + 5 + (-3)/(-4). Let k(w) be the third derivative of -w**4/12 - 2*w**3/3 - w**2. Determine k(u).
4
Let t(b) = -10*b**3 + 9*b**2 - b - 5. Let z(c) = -13*c**3 + 10*c**2 - c - 6. Let g = 140 + -136. Let w(p) = g*t(p) - 3*z(p). Let y be 5/2*1*2. Determine w(y).
18
Let g(r) = -5*r + 135. Let l be g(26). Let k(h) be the second derivative of -h**4/12 + h**3/2 + h**2 + 6*h. Give k(l).
-8
Let h(t) = 8*t**2 - 232 - 57*t + 231 + 58*t. Let n be (-156)/9*(-6)/4. Suppose -5*j + n = s, -5*s = -j - 3*j + 15. What is h(s)?
8
Let a(s) = -17*s - 122. Let l(p) = -240*p - 1725. Let q(g) = -85*a(g) + 6*l(g). Calculate q(-5).
-5
Let l be 9/(-14 - -11)*1. Let x(p) = -8*p + 2*p + 16*p + 3. What is x(l)?
-27
Let i(s) be the second derivative of -s**6/180 - s**5/120 + 91*s**3/2 - 85*s - 2. Let m(c) be the second derivative of i(c). Let g = 2 - -1. Give m(g).
-21
Let v(s) = -50*s - 5*s - 35*s - 1 + 96*s - 7*s. Let h = 1 - 2. What is v(h)?
0
Let m(k) be the first derivative of k**6/360 - k**5/120 - k**4/4 + 85*k**3/3 - 58. Let r(j) be the third derivative of m(j). Calculate r(-3).
6
Let v(n) = n**3 - 2*n**2 + n. Let b be v(1). Suppose -o = 23*q - 19*q - 8, -5*o = 0. Let a(d) = q*d - 2 + 1 - d - 12 + 5. Calculate a(b).
-8
Suppose 11*i - 80 = i. Suppose -5*z + 0*y - 2*y + i = 0, -5*z + 4*y = -14. Let b(l) = -18 - l**z + 4 + 6*l + 20. What is b(6)?
6
Let n(q) be the second derivative of 29*q**5/20 - q**4/6 + q**3/6 + q**2 - q + 1152. Determine n(-1).
-30
Let w(v) = v**2 + 11*v + 3. Let h be (-169)/((20/12)/(-5)*-3). Let x = -179 - h. Calculate w(x).
-7
Let k(u) = 4*u - 2. Suppose -10 + 28 = 9*w. Suppose 5*n + 5 = 5*i + 15, w*n + 4*i + 20 = 0. Determine k(n).
-10
Let d(c) = -5*c**3 - 20*c**2 + 6*c - 9. Let t(s) = 4*s**3 + 19*s**2 - 9*s + 8. Let g(p) = 5*d(p) + 6*t(p). What is g(12)?
3
Let i(c) = -3*c + 12. Suppose -a = 34*s - 36*s + 29, 4*a = -5*s + 40. What is i(s)?
-24
Let u(x) = 4*x + 13. Let z(b) be the third derivative of -b**6/120 - 3*b**5/20 - 13*b**4/24 + b**3/2 + 9*b**2. Let c be z(-7). Calculate u(c).
-3
Let y = 31 + 32. Let c(o) = -8*o + 27 - y + o**2 + 31. Calculate c(10).
15
Let a(f) = f**3 - 12*f**2 + 16*f - 6. Let c(y